d by 418?
7
Calculate the remainder when 2452 is divided by 439.
257
What is the remainder when 4153 is divided by 4127?
26
Calculate the remainder when 481 is divided by 103.
69
What is the remainder when 29580 is divided by 9604?
768
Calculate the remainder when 2728 is divided by 679.
12
What is the remainder when 1223 is divided by 592?
39
What is the remainder when 20803 is divided by 315?
13
Calculate the remainder when 128260 is divided by 98.
76
What is the remainder when 35167 is divided by 52?
15
Calculate the remainder when 197 is divided by 56.
29
What is the remainder when 1411878 is divided by 1538?
1532
Calculate the remainder when 774042 is divided by 258012.
6
What is the remainder when 439049 is divided by 5933?
7
Calculate the remainder when 1034 is divided by 967.
67
What is the remainder when 52600 is divided by 79?
65
What is the remainder when 216853 is divided by 30971?
56
What is the remainder when 785 is divided by 663?
122
Calculate the remainder when 7261 is divided by 6977.
284
Calculate the remainder when 71040 is divided by 5048.
368
Calculate the remainder when 461735 is divided by 157.
155
What is the remainder when 30134 is divided by 93?
2
Calculate the remainder when 26136 is divided by 19.
11
What is the remainder when 10105 is divided by 5032?
41
What is the remainder when 9177 is divided by 15?
12
Calculate the remainder when 6487 is divided by 1859.
910
What is the remainder when 33237 is divided by 487?
121
Calculate the remainder when 22510 is divided by 1188.
1126
What is the remainder when 511 is divided by 27?
25
What is the remainder when 935 is divided by 453?
29
Calculate the remainder when 1721 is divided by 24.
17
What is the remainder when 3446799 is divided by 159?
156
Calculate the remainder when 12114 is divided by 861.
60
Calculate the remainder when 29162 is divided by 63.
56
What is the remainder when 12116 is divided by 970?
476
Calculate the remainder when 22723 is divided by 7572.
7
What is the remainder when 169181 is divided by 232?
53
Calculate the remainder when 112226 is divided by 8625.
101
What is the remainder when 1718 is divided by 527?
137
Calculate the remainder when 58953 is divided by 55.
48
What is the remainder when 512117 is divided by 31?
28
Calculate the remainder when 7502 is divided by 3.
2
What is the remainder when 11364 is divided by 2151?
609
What is the remainder when 114222 is divided by 2155?
7
What is the remainder when 912 is divided by 102?
96
Calculate the remainder when 3902 is divided by 179.
143
What is the remainder when 27221 is divided by 418?
51
What is the remainder when 4855 is divided by 485?
5
What is the remainder when 37875 is divided by 184?
155
Calculate the remainder when 2345 is divided by 1159.
27
Calculate the remainder when 701 is divided by 17.
4
Calculate the remainder when 4414 is divided by 298.
242
Calculate the remainder when 275756 is divided by 31.
11
Calculate the remainder when 22583 is divided by 12.
11
What is the remainder when 271556 is divided by 423?
413
What is the remainder when 1042 is divided by 424?
194
Calculate the remainder when 324 is divided by 176.
148
Calculate the remainder when 108771 is divided by 108766.
5
Calculate the remainder when 47161 is divided by 15697.
70
Calculate the remainder when 258371 is divided by 76.
47
Calculate the remainder when 21203 is divided by 1322.
51
Calculate the remainder when 4256 is divided by 282.
26
What is the remainder when 12510 is divided by 625?
10
What is the remainder when 84883 is divided by 11?
7
Calculate the remainder when 3046 is divided by 218.
212
What is the remainder when 19232 is divided by 118?
116
What is the remainder when 13014 is divided by 125?
14
Calculate the remainder when 1188492 is divided by 693.
690
Calculate the remainder when 135333 is divided by 67661.
11
What is the remainder when 11498 is divided by 36?
14
Calculate the remainder when 442 is divided by 85.
17
What is the remainder when 3852 is divided by 3782?
70
Calculate the remainder when 242689 is divided by 121329.
31
Calculate the remainder when 1072 is divided by 266.
8
What is the remainder when 16441 is divided by 257?
250
Calculate the remainder when 1336 is divided by 598.
140
Calculate the remainder when 27220 is divided by 13394.
432
Calculate the remainder when 618708 is divided by 13.
12
Calculate the remainder when 4065 is divided by 15.
0
What is the remainder when 21574 is divided by 168?
70
Calculate the remainder when 203117 is divided by 10.
7
Calculate the remainder when 4091 is divided by 55.
21
Calculate the remainder when 1261 is divided by 145.
101
Calculate the remainder when 12588 is divided by 4193.
9
Calculate the remainder when 1211 is divided by 1080.
131
Calculate the remainder when 642789 is divided by 214259.
12
Calculate the remainder when 26472 is divided by 63.
12
Calculate the remainder when 22175 is divided by 653.
626
What is the remainder when 28336 is divided by 141?
136
What is the remainder when 1345210 is divided by 711?
709
What is the remainder when 3041 is divided by 437?
419
Calculate the remainder when 6831 is divided by 6787.
44
What is the remainder when 262076 is divided by 832?
828
What is the remainder when 2822 is divided by 550?
72
Calculate the remainder when 56765 is divided by 13.
7
What is the remainder when 16720 is divided by 4179?
4
What is the remainder when 191 is divided by 38?
1
Calculate the remainder when 147128 is divided by 73555.
18
What is the remainder when 1139 is divided by 1017?
122
What is the remainder when 326 is divided by 262?
64
Calculate the remainder when 4163 is divided by 67.
9
Calculate the remainder when 533 is divided by 494.
39
Calculate the remainder when 420177 is divided by 7.
2
What is the remainder when 5049 is divided by 136?
17
What is the remainder when 17682 is divided by 838?
84
Calculate the remainder when 1498 is divided by 7.
0
Calculate the remainder when 1331 is divided by 312.
83
What is the remainder when 3333 is divided by 641?
128
Calculate the remainder when 5361 is divided by 5354.
7
What is the remainder when 238673 is divided by 370?
23
What is the remainder when 198832 is divided by 65?
62
Calculate the remainder when 813 is divided by 398.
17
What is the remainder when 173 is divided by 17?
3
Calculate the remainder when 3003461 is divided by 363.
362
What is the remainder when 18070 is divided by 1806?
10
Calculate the remainder when 33219 is divided by 573.
558
Calculate the remainder when 933239 is divided by 105.
104
Calculate the remainder when 23786 is divided by 355.
1
What is the remainder when 999 is divided by 890?
109
What is the remainder when 13109 is divided by 570?
569
Calculate the remainder when 11010 is divided by 917.
6
Calculate the remainder when 1674 is divided by 1252.
422
What is the remainder when 4516 is divided by 4478?
38
What is the remainder when 6154 is divided by 471?
31
What is the remainder when 1589 is divided by 290?
139
What is the remainder when 3954 is divided by 1284?
102
Calculate the remainder when 4375 is divided by 88.
63
What is the remainder when 54254 is divided by 21?
11
Calculate the remainder when 25979 is divided by 184.
35
What is the remainder when 1050455 is divided by 132?
131
What is the remainder when 573 is divided by 32?
29
Calculate the remainder when 4348 is divided by 1361.
265
What is the remainder when 49864 is divided by 344?
328
What is the remainder when 18850 is divided by 6221?
187
What is the remainder when 28826 is divided by 162?
152
What is the remainder when 31311 is divided by 102?
99
What is the remainder when 170049 is divided by 103?
99
Calculate the remainder when 1627 is divided by 73.
21
Calculate the remainder when 433871 is divided by 393.
392
What is the remainder when 30365 is divided by 5058?
17
What is the remainder when 70194 is divided by 5008?
82
What is the remainder when 9828 is divided by 378?
0
Calculate the remainder when 6441 is divided by 1904.
729
Calculate the remainder when 516117 is divided by 69.
66
Calculate the remainder when 86132 is divided by 28704.
20
Calculate the remainder when 46953 is divided by 15638.
39
What is the remainder when 2300 is divided by 561?